{"id":501,"date":"2026-04-10T18:42:48","date_gmt":"2026-04-10T18:42:48","guid":{"rendered":"https:\/\/shopnhis.azdigi.shop\/?post_type=product&#038;p=501"},"modified":"2026-04-21T16:07:54","modified_gmt":"2026-04-21T16:07:54","slug":"dam-co-duc-xep-ly-dai","status":"publish","type":"product","link":"https:\/\/shopnhis.azdigi.shop\/index.php\/product\/dam-co-duc-xep-ly-dai\/","title":{"rendered":"\u0110\u1ea7m c\u1ed5 \u0111\u1ee9c x\u1ebfp ly d\u00e0i"},"content":{"rendered":"<h2 class=\"\" data-path-to-node=\"4\">1. Thi\u1ebft k\u1ebf c\u1ed5 \u0111\u1ee9c thanh l\u1ecbch v\u00e0 chuy\u00ean nghi\u1ec7p<\/h2>\n<p data-path-to-node=\"5\"><span class=\"\">Ph\u1ea7n c\u1ed5 \u0111\u1ee9c (c\u1ed5 s\u01a1 mi) lu\u00f4n mang l\u1ea1i c\u1ea3m gi\u00e1c l\u1ecbch s\u1ef1 v\u00e0 tr\u00ed tu\u1ec7 cho ng\u01b0\u1eddi m\u1eb7c.<\/span><\/p>\n<ul data-path-to-node=\"6\">\n<li>\n<p data-path-to-node=\"6,0,0\"><b class=\"\" data-path-to-node=\"6,0,0\" data-index-in-node=\"0\">\u0110i\u1ec3m nh\u1ea5n th\u1eaft n\u01a1:<\/b><span class=\"\"> Chi ti\u1ebft n\u01a1 nh\u1ecf xinh \u1edf c\u1ed5 gi\u00fap l\u00e0m m\u1ec1m m\u1ea1i thi\u1ebft k\u1ebf v\u1ed1n c\u00f3 ph\u1ea7n c\u1ee9ng c\u00e1p c\u1ee7a c\u1ed5 \u0111\u1ee9c.<\/span><span class=\"\"> N\u00f3 t\u1ea1o n\u00ean n\u00e9t n\u1eef t\u00ednh,<\/span><span class=\"\"> d\u1ecbu d\u00e0ng nh\u01b0ng v\u1eabn r\u1ea5t chuy\u00ean nghi\u1ec7p.<\/span><\/p>\n<\/li>\n<li>\n<p data-path-to-node=\"6,1,0\"><b class=\"\" data-path-to-node=\"6,1,0\" data-index-in-node=\"0\">Tay ng\u1eafn tr\u1ebb trung:<\/b><span class=\"\"> Thi\u1ebft k\u1ebf tay ng\u1eafn gi\u00fap ng\u01b0\u1eddi m\u1eb7c c\u1ea3m th\u1ea5y tho\u1ea3i m\u00e1i v\u00e0 n\u0103ng \u0111\u1ed9ng trong th\u1eddi ti\u1ebft Xu\u00e2n H\u00e8.<\/span><\/p>\n<\/li>\n<\/ul>\n<h2 class=\"\" data-path-to-node=\"7\">2. Chi ti\u1ebft x\u1ebfp ly t\u1ec9 m\u1ec9 t\u00f4n d\u00e1ng hi\u1ec7u qu\u1ea3<\/h2>\n<p data-path-to-node=\"8\"><span class=\"\">\u0110i\u1ec3m \u0111\u1eaft gi\u00e1 c\u1ee7a b\u1ed9 trang ph\u1ee5c n\u1eb1m \u1edf nh\u1eefng \u0111\u01b0\u1eddng x\u1ebfp ly d\u1ecdc th\u00e2n v\u00e1y.<\/span><span class=\"\"> \u0110\u00e2y l\u00e0 b\u00ed quy\u1ebft gi\u00fap <\/span><b class=\"\" data-path-to-node=\"8\" data-index-in-node=\"91\">\u0111\u1ea7m c\u1ed5 \u0111\u1ee9c x\u1ebfp ly d\u00e0i<\/b><span class=\"\"> tr\u1edf n\u00ean \u0111\u1eb7c bi\u1ec7t h\u01a1n.<\/span><\/p>\n<ul data-path-to-node=\"9\">\n<li>\n<p data-path-to-node=\"9,0,0\"><b class=\"\" data-path-to-node=\"9,0,0\" data-index-in-node=\"0\">Hi\u1ec7u \u1ee9ng k\u00e9o d\u00e0i \u0111\u00f4i ch\u00e2n:<\/b><span class=\"\"> C\u00e1c \u0111\u01b0\u1eddng x\u1ebfp ly ch\u1ea1y d\u1ecdc gi\u00fap t\u1ea1o c\u1ea3m gi\u00e1c chi\u1ec1u cao \u0111\u01b0\u1ee3c c\u1ea3i thi\u1ec7n \u0111\u00e1ng k\u1ec3.<\/span><\/p>\n<\/li>\n<li>\n<p data-path-to-node=\"9,1,0\"><b class=\"\" data-path-to-node=\"9,1,0\" data-index-in-node=\"0\">\u0110\u1ed9 x\u00f2e m\u1ec1m m\u1ea1i:<\/b><span class=\"\"> Ph\u1ea7n ch\u00e2n v\u00e1y x\u00f2e r\u1ed9ng v\u1eeba ph\u1ea3i,<\/span><span class=\"\"> t\u1ea1o s\u1ef1 uy\u1ec3n chuy\u1ec3n trong m\u1ed7i b\u01b0\u1edbc \u0111i.<\/span><span class=\"\"> Chi ti\u1ebft n\u00e0y c\u0169ng gi\u00fap che \u0111i khuy\u1ebft \u0111i\u1ec3m v\u00f9ng h\u00f4ng v\u00e0 \u0111\u00f9i m\u1ed9t c\u00e1ch t\u00e0i t\u00ecnh.<\/span><\/p>\n<\/li>\n<\/ul>\n<h2 class=\"\" data-path-to-node=\"10\">3. M\u00e0u s\u1eafc ng\u1ecdt ng\u00e0o v\u00e0 t\u00f4n da<\/h2>\n<p data-path-to-node=\"11\"><span class=\"\">M\u00e0u\u00a0 tinh t\u1ebf kh\u00f4ng ch\u1ec9 mang l\u1ea1i v\u1ebb ngo\u00e0i tr\u1ebb trung m\u00e0 c\u00f2n c\u1ef1c k\u1ef3 t\u00f4n da.<\/span><\/p>\n<ul data-path-to-node=\"12\">\n<li>\n<p data-path-to-node=\"12,0,0\"><b class=\"\" data-path-to-node=\"12,0,0\" data-index-in-node=\"0\">S\u1ef1 l\u1ef1a ch\u1ecdn c\u1ee7a n\u00e0ng th\u01a1:<\/b><span class=\"\"> Gam m\u00e0u n\u00e0y mang l\u1ea1i c\u1ea3m gi\u00e1c s\u1ea1ch s\u1ebd,<\/span><span class=\"\"> trong tr\u1ebbo v\u00e0 r\u1ea5t d\u1ec5 g\u00e2y thi\u1ec7n c\u1ea3m.<\/span><\/p>\n<\/li>\n<li>\n<p data-path-to-node=\"12,1,0\"><b class=\"\" data-path-to-node=\"12,1,0\" data-index-in-node=\"0\">Ch\u1ea5t li\u1ec7u v\u1ea3i cao c\u1ea5p:<\/b><span class=\"\"> V\u1ea3i c\u00f3 \u0111\u1ed9 \u0111\u1ee9ng phom v\u1eeba ph\u1ea3i,<\/span><span class=\"\"> \u00edt nh\u0103n.<\/span><span class=\"\"> \u0110i\u1ec1u n\u00e0y \u0111\u1ea3m b\u1ea3o b\u1ea1n lu\u00f4n c\u00f3 v\u1ebb ngo\u00e0i ph\u1eb3ng phiu su\u1ed1t c\u1ea3 ng\u00e0y l\u00e0m vi\u1ec7c hay d\u1ef1 ti\u1ec7c.<\/span><\/p>\n<\/li>\n<\/ul>\n<h2 class=\"\" data-path-to-node=\"13\">4. C\u00e1ch ph\u1ed1i \u0111\u1ed3 c\u00f9ng \u0111\u1ea7m c\u1ed5 \u0111\u1ee9c x\u1ebfp ly d\u00e0i<\/h2>\n<p data-path-to-node=\"14\"><span class=\"\">\u0110\u1ec3 ho\u00e0n thi\u1ec7n phong c\u00e1ch &#8220;qu\u00fd c\u00f4 tri th\u1ee9c&#8221;,<\/span><span class=\"\"> b\u1ea1n c\u00f3 th\u1ec3 k\u1ebft h\u1ee3p c\u00f9ng nh\u1eefng ph\u1ee5 ki\u1ec7n t\u1ed1i gi\u1ea3n.<\/span><\/p>\n<ul data-path-to-node=\"15\">\n<li>\n<p data-path-to-node=\"15,0,0\"><b class=\"\" data-path-to-node=\"15,0,0\" data-index-in-node=\"0\">Th\u1eaft l\u01b0ng \u0111\u1ed3ng m\u00e0u:<\/b><span class=\"\"> S\u1eed d\u1ee5ng th\u1eaft l\u01b0ng m\u1ea3nh gi\u00fap \u0111\u1ecbnh h\u00ecnh v\u00f2ng eo,<\/span><span class=\"\"> t\u1ea1o t\u1ef7 l\u1ec7 c\u01a1 th\u1ec3 ho\u00e0n h\u1ea3o.<\/span><\/p>\n<\/li>\n<li>\n<p data-path-to-node=\"15,1,0\"><b class=\"\" data-path-to-node=\"15,1,0\" data-index-in-node=\"0\">Ph\u1ee5 ki\u1ec7n \u0111i k\u00e8m:<\/b><span class=\"\"> M\u1ed9t \u0111\u00f4i gi\u00e0y cao g\u00f3t m\u00e0u kem v\u00e0 chi\u1ebfc t\u00fai x\u00e1ch tay nh\u1ecf g\u1ecdn s\u1ebd gi\u00fap b\u1ea1n tr\u00f4ng c\u1ef1c k\u1ef3 &#8220;\u0111\u1eaft gi\u00e1&#8221;.<\/span><\/p>\n<\/li>\n<li>\n<p data-path-to-node=\"15,2,0\"><b class=\"\" data-path-to-node=\"15,2,0\" data-index-in-node=\"0\">Ho\u00e0n c\u1ea3nh s\u1eed d\u1ee5ng:<\/b><span class=\"\"> B\u1ea1n c\u00f3 th\u1ec3 di\u1ec7n m\u1eabu \u0111\u1ea7m n\u00e0y \u0111i l\u00e0m c\u00f4ng s\u1edf,<\/span><span class=\"\"> d\u1ef1 h\u1ed9i th\u1ea3o hay \u0111i d\u1ea1o ph\u1ed1 cu\u1ed1i tu\u1ea7n \u0111\u1ec1u v\u00f4 c\u00f9ng ph\u00f9 h\u1ee3p.<\/span><\/p>\n<\/li>\n<\/ul>\n","protected":false},"excerpt":{"rendered":"<p><span class=\"\">Trong th\u1ebf gi\u1edbi th\u1eddi trang,<\/span><span class=\"\"> s\u1ef1 \u0111\u01a1n gi\u1ea3n th\u01b0\u1eddng mang l\u1ea1i s\u1ee9c cu\u1ed1n h\u00fat m\u1ea1nh m\u1ebd nh\u1ea5t.<\/span> <b class=\"\" data-path-to-node=\"3\" data-index-in-node=\"82\">\u0110\u1ea7m c\u1ed5 \u0111\u1ee9c x\u1ebfp ly d\u00e0i<\/b><span class=\"\"> ch\u00ednh l\u00e0 minh ch\u1ee9ng cho n\u00e9t \u0111\u1eb9p trang nh\u00e3 v\u00e0 ch\u1ec9n chu.<\/span><span class=\"\"> V\u1edbi phom d\u00e1ng c\u1ed5 \u0111i\u1ec3n k\u1ebft h\u1ee3p c\u00f9ng c\u00e1c chi ti\u1ebft hi\u1ec7n \u0111\u1ea1i,<\/span><span class=\"\"> m\u1eabu \u0111\u1ea7m n\u00e0y l\u00e0 l\u1ef1a ch\u1ecdn h\u00e0ng \u0111\u1ea7u cho nh\u1eefng qu\u00fd c\u00f4 y\u00eau th\u00edch phong c\u00e1ch sang tr\u1ecdng.<\/span><\/p>\n","protected":false},"featured_media":502,"comment_status":"open","ping_status":"closed","template":"","meta":[],"product_brand":[],"product_cat":[18],"product_tag":[],"class_list":{"0":"post-501","1":"product","2":"type-product","3":"status-publish","4":"has-post-thumbnail","6":"product_cat-dam","8":"first","9":"instock","10":"shipping-taxable","11":"purchasable","12":"product-type-variable"},"yoast_head":"<!-- This site is optimized with the Yoast SEO plugin v27.1.1 - https:\/\/yoast.com\/product\/yoast-seo-wordpress\/ -->\n<title>\u0110\u1ea7m c\u1ed5 \u0111\u1ee9c x\u1ebfp ly d\u00e0i - shopnhis<\/title>\n<meta name=\"description\" content=\"Kh\u00e1m ph\u00e1 m\u1eabu \u0111\u1ea7m c\u1ed5 \u0111\u1ee9c x\u1ebfp ly d\u00e0i thanh l\u1ecbch v\u00e0 t\u00f4n d\u00e1ng. B\u00ed quy\u1ebft ph\u1ed1i \u0111\u1ed3 sang tr\u1ecdng cho qu\u00fd c\u00f4 c\u00f4ng s\u1edf gi\u00fap b\u1ea1n lu\u00f4n cu\u1ed1n h\u00fat v\u00e0 t\u1ef1 tin.\" \/>\n<meta name=\"robots\" content=\"index, follow, max-snippet:-1, max-image-preview:large, max-video-preview:-1\" \/>\n<link rel=\"canonical\" href=\"https:\/\/shopnhis.azdigi.shop\/index.php\/product\/dam-co-duc-xep-ly-dai\/\" \/>\n<meta property=\"og:locale\" content=\"vi_VN\" \/>\n<meta property=\"og:type\" content=\"article\" \/>\n<meta property=\"og:title\" content=\"\u0110\u1ea7m c\u1ed5 \u0111\u1ee9c x\u1ebfp ly d\u00e0i - shopnhis\" \/>\n<meta property=\"og:description\" content=\"Kh\u00e1m ph\u00e1 m\u1eabu \u0111\u1ea7m c\u1ed5 \u0111\u1ee9c x\u1ebfp ly d\u00e0i thanh l\u1ecbch v\u00e0 t\u00f4n d\u00e1ng. B\u00ed quy\u1ebft ph\u1ed1i \u0111\u1ed3 sang tr\u1ecdng cho qu\u00fd c\u00f4 c\u00f4ng s\u1edf gi\u00fap b\u1ea1n lu\u00f4n cu\u1ed1n h\u00fat v\u00e0 t\u1ef1 tin.\" \/>\n<meta property=\"og:url\" content=\"https:\/\/shopnhis.azdigi.shop\/index.php\/product\/dam-co-duc-xep-ly-dai\/\" \/>\n<meta property=\"og:site_name\" content=\"shopnhis\" \/>\n<meta property=\"article:modified_time\" content=\"2026-04-21T16:07:54+00:00\" \/>\n<meta property=\"og:image\" content=\"https:\/\/shopnhis.azdigi.shop\/wp-content\/uploads\/2026\/04\/z7713044159937_31a2079b15d4b8fad22198c81d169c33.jpg\" \/>\n\t<meta property=\"og:image:width\" content=\"624\" \/>\n\t<meta property=\"og:image:height\" content=\"922\" \/>\n\t<meta property=\"og:image:type\" content=\"image\/jpeg\" \/>\n<meta name=\"twitter:card\" content=\"summary_large_image\" \/>\n<meta name=\"twitter:label1\" content=\"\u01af\u1edbc t\u00ednh th\u1eddi gian \u0111\u1ecdc\" \/>\n\t<meta name=\"twitter:data1\" content=\"3 ph\u00fat\" \/>\n<script type=\"application\/ld+json\" class=\"yoast-schema-graph\">{\"@context\":\"https:\/\/schema.org\",\"@graph\":[{\"@type\":\"WebPage\",\"@id\":\"https:\/\/shopnhis.azdigi.shop\/index.php\/product\/dam-co-duc-xep-ly-dai\/\",\"url\":\"https:\/\/shopnhis.azdigi.shop\/index.php\/product\/dam-co-duc-xep-ly-dai\/\",\"name\":\"\u0110\u1ea7m c\u1ed5 \u0111\u1ee9c x\u1ebfp ly d\u00e0i - shopnhis\",\"isPartOf\":{\"@id\":\"https:\/\/shopnhis.azdigi.shop\/#website\"},\"primaryImageOfPage\":{\"@id\":\"https:\/\/shopnhis.azdigi.shop\/index.php\/product\/dam-co-duc-xep-ly-dai\/#primaryimage\"},\"image\":{\"@id\":\"https:\/\/shopnhis.azdigi.shop\/index.php\/product\/dam-co-duc-xep-ly-dai\/#primaryimage\"},\"thumbnailUrl\":\"https:\/\/shopnhis.azdigi.shop\/wp-content\/uploads\/2026\/04\/z7713044159937_31a2079b15d4b8fad22198c81d169c33.jpg\",\"datePublished\":\"2026-04-10T18:42:48+00:00\",\"dateModified\":\"2026-04-21T16:07:54+00:00\",\"description\":\"Kh\u00e1m ph\u00e1 m\u1eabu \u0111\u1ea7m c\u1ed5 \u0111\u1ee9c x\u1ebfp ly d\u00e0i thanh l\u1ecbch v\u00e0 t\u00f4n d\u00e1ng. B\u00ed quy\u1ebft ph\u1ed1i \u0111\u1ed3 sang tr\u1ecdng cho qu\u00fd c\u00f4 c\u00f4ng s\u1edf gi\u00fap b\u1ea1n lu\u00f4n cu\u1ed1n h\u00fat v\u00e0 t\u1ef1 tin.\",\"breadcrumb\":{\"@id\":\"https:\/\/shopnhis.azdigi.shop\/index.php\/product\/dam-co-duc-xep-ly-dai\/#breadcrumb\"},\"inLanguage\":\"vi\",\"potentialAction\":[{\"@type\":\"ReadAction\",\"target\":[\"https:\/\/shopnhis.azdigi.shop\/index.php\/product\/dam-co-duc-xep-ly-dai\/\"]}]},{\"@type\":\"ImageObject\",\"inLanguage\":\"vi\",\"@id\":\"https:\/\/shopnhis.azdigi.shop\/index.php\/product\/dam-co-duc-xep-ly-dai\/#primaryimage\",\"url\":\"https:\/\/shopnhis.azdigi.shop\/wp-content\/uploads\/2026\/04\/z7713044159937_31a2079b15d4b8fad22198c81d169c33.jpg\",\"contentUrl\":\"https:\/\/shopnhis.azdigi.shop\/wp-content\/uploads\/2026\/04\/z7713044159937_31a2079b15d4b8fad22198c81d169c33.jpg\",\"width\":624,\"height\":922},{\"@type\":\"BreadcrumbList\",\"@id\":\"https:\/\/shopnhis.azdigi.shop\/index.php\/product\/dam-co-duc-xep-ly-dai\/#breadcrumb\",\"itemListElement\":[{\"@type\":\"ListItem\",\"position\":1,\"name\":\"Home\",\"item\":\"https:\/\/shopnhis.azdigi.shop\/\"},{\"@type\":\"ListItem\",\"position\":2,\"name\":\"Shop\",\"item\":\"https:\/\/shopnhis.azdigi.shop\/index.php\/shop\/\"},{\"@type\":\"ListItem\",\"position\":3,\"name\":\"\u0110\u1ea7m c\u1ed5 \u0111\u1ee9c x\u1ebfp ly d\u00e0i\"}]},{\"@type\":\"WebSite\",\"@id\":\"https:\/\/shopnhis.azdigi.shop\/#website\",\"url\":\"https:\/\/shopnhis.azdigi.shop\/\",\"name\":\"shopnhis\",\"description\":\"\",\"publisher\":{\"@id\":\"https:\/\/shopnhis.azdigi.shop\/#\/schema\/person\/c92d877cb93cb82d7aadcb9314758e29\"},\"potentialAction\":[{\"@type\":\"SearchAction\",\"target\":{\"@type\":\"EntryPoint\",\"urlTemplate\":\"https:\/\/shopnhis.azdigi.shop\/?s={search_term_string}\"},\"query-input\":{\"@type\":\"PropertyValueSpecification\",\"valueRequired\":true,\"valueName\":\"search_term_string\"}}],\"inLanguage\":\"vi\"},{\"@type\":[\"Person\",\"Organization\"],\"@id\":\"https:\/\/shopnhis.azdigi.shop\/#\/schema\/person\/c92d877cb93cb82d7aadcb9314758e29\",\"name\":\"qrlgobfk\",\"image\":{\"@type\":\"ImageObject\",\"inLanguage\":\"vi\",\"@id\":\"https:\/\/shopnhis.azdigi.shop\/#\/schema\/person\/image\/\",\"url\":\"https:\/\/shopnhis.azdigi.shop\/wp-content\/uploads\/2026\/03\/ChatGPT-Image-16_25_42-26-thg-2-2026.png\",\"contentUrl\":\"https:\/\/shopnhis.azdigi.shop\/wp-content\/uploads\/2026\/03\/ChatGPT-Image-16_25_42-26-thg-2-2026.png\",\"width\":1536,\"height\":1024,\"caption\":\"qrlgobfk\"},\"logo\":{\"@id\":\"https:\/\/shopnhis.azdigi.shop\/#\/schema\/person\/image\/\"},\"sameAs\":[\"https:\/\/shopnhis.azdigi.shop\"]}]}<\/script>\n<!-- \/ Yoast SEO plugin. -->","yoast_head_json":{"title":"\u0110\u1ea7m c\u1ed5 \u0111\u1ee9c x\u1ebfp ly d\u00e0i - shopnhis","description":"Kh\u00e1m ph\u00e1 m\u1eabu \u0111\u1ea7m c\u1ed5 \u0111\u1ee9c x\u1ebfp ly d\u00e0i thanh l\u1ecbch v\u00e0 t\u00f4n d\u00e1ng. B\u00ed quy\u1ebft ph\u1ed1i \u0111\u1ed3 sang tr\u1ecdng cho qu\u00fd c\u00f4 c\u00f4ng s\u1edf gi\u00fap b\u1ea1n lu\u00f4n cu\u1ed1n h\u00fat v\u00e0 t\u1ef1 tin.","robots":{"index":"index","follow":"follow","max-snippet":"max-snippet:-1","max-image-preview":"max-image-preview:large","max-video-preview":"max-video-preview:-1"},"canonical":"https:\/\/shopnhis.azdigi.shop\/index.php\/product\/dam-co-duc-xep-ly-dai\/","og_locale":"vi_VN","og_type":"article","og_title":"\u0110\u1ea7m c\u1ed5 \u0111\u1ee9c x\u1ebfp ly d\u00e0i - shopnhis","og_description":"Kh\u00e1m ph\u00e1 m\u1eabu \u0111\u1ea7m c\u1ed5 \u0111\u1ee9c x\u1ebfp ly d\u00e0i thanh l\u1ecbch v\u00e0 t\u00f4n d\u00e1ng. B\u00ed quy\u1ebft ph\u1ed1i \u0111\u1ed3 sang tr\u1ecdng cho qu\u00fd c\u00f4 c\u00f4ng s\u1edf gi\u00fap b\u1ea1n lu\u00f4n cu\u1ed1n h\u00fat v\u00e0 t\u1ef1 tin.","og_url":"https:\/\/shopnhis.azdigi.shop\/index.php\/product\/dam-co-duc-xep-ly-dai\/","og_site_name":"shopnhis","article_modified_time":"2026-04-21T16:07:54+00:00","og_image":[{"width":624,"height":922,"url":"https:\/\/shopnhis.azdigi.shop\/wp-content\/uploads\/2026\/04\/z7713044159937_31a2079b15d4b8fad22198c81d169c33.jpg","type":"image\/jpeg"}],"twitter_card":"summary_large_image","twitter_misc":{"\u01af\u1edbc t\u00ednh th\u1eddi gian \u0111\u1ecdc":"3 ph\u00fat"},"schema":{"@context":"https:\/\/schema.org","@graph":[{"@type":"WebPage","@id":"https:\/\/shopnhis.azdigi.shop\/index.php\/product\/dam-co-duc-xep-ly-dai\/","url":"https:\/\/shopnhis.azdigi.shop\/index.php\/product\/dam-co-duc-xep-ly-dai\/","name":"\u0110\u1ea7m c\u1ed5 \u0111\u1ee9c x\u1ebfp ly d\u00e0i - shopnhis","isPartOf":{"@id":"https:\/\/shopnhis.azdigi.shop\/#website"},"primaryImageOfPage":{"@id":"https:\/\/shopnhis.azdigi.shop\/index.php\/product\/dam-co-duc-xep-ly-dai\/#primaryimage"},"image":{"@id":"https:\/\/shopnhis.azdigi.shop\/index.php\/product\/dam-co-duc-xep-ly-dai\/#primaryimage"},"thumbnailUrl":"https:\/\/shopnhis.azdigi.shop\/wp-content\/uploads\/2026\/04\/z7713044159937_31a2079b15d4b8fad22198c81d169c33.jpg","datePublished":"2026-04-10T18:42:48+00:00","dateModified":"2026-04-21T16:07:54+00:00","description":"Kh\u00e1m ph\u00e1 m\u1eabu \u0111\u1ea7m c\u1ed5 \u0111\u1ee9c x\u1ebfp ly d\u00e0i thanh l\u1ecbch v\u00e0 t\u00f4n d\u00e1ng. B\u00ed quy\u1ebft ph\u1ed1i \u0111\u1ed3 sang tr\u1ecdng cho qu\u00fd c\u00f4 c\u00f4ng s\u1edf gi\u00fap b\u1ea1n lu\u00f4n cu\u1ed1n h\u00fat v\u00e0 t\u1ef1 tin.","breadcrumb":{"@id":"https:\/\/shopnhis.azdigi.shop\/index.php\/product\/dam-co-duc-xep-ly-dai\/#breadcrumb"},"inLanguage":"vi","potentialAction":[{"@type":"ReadAction","target":["https:\/\/shopnhis.azdigi.shop\/index.php\/product\/dam-co-duc-xep-ly-dai\/"]}]},{"@type":"ImageObject","inLanguage":"vi","@id":"https:\/\/shopnhis.azdigi.shop\/index.php\/product\/dam-co-duc-xep-ly-dai\/#primaryimage","url":"https:\/\/shopnhis.azdigi.shop\/wp-content\/uploads\/2026\/04\/z7713044159937_31a2079b15d4b8fad22198c81d169c33.jpg","contentUrl":"https:\/\/shopnhis.azdigi.shop\/wp-content\/uploads\/2026\/04\/z7713044159937_31a2079b15d4b8fad22198c81d169c33.jpg","width":624,"height":922},{"@type":"BreadcrumbList","@id":"https:\/\/shopnhis.azdigi.shop\/index.php\/product\/dam-co-duc-xep-ly-dai\/#breadcrumb","itemListElement":[{"@type":"ListItem","position":1,"name":"Home","item":"https:\/\/shopnhis.azdigi.shop\/"},{"@type":"ListItem","position":2,"name":"Shop","item":"https:\/\/shopnhis.azdigi.shop\/index.php\/shop\/"},{"@type":"ListItem","position":3,"name":"\u0110\u1ea7m c\u1ed5 \u0111\u1ee9c x\u1ebfp ly d\u00e0i"}]},{"@type":"WebSite","@id":"https:\/\/shopnhis.azdigi.shop\/#website","url":"https:\/\/shopnhis.azdigi.shop\/","name":"shopnhis","description":"","publisher":{"@id":"https:\/\/shopnhis.azdigi.shop\/#\/schema\/person\/c92d877cb93cb82d7aadcb9314758e29"},"potentialAction":[{"@type":"SearchAction","target":{"@type":"EntryPoint","urlTemplate":"https:\/\/shopnhis.azdigi.shop\/?s={search_term_string}"},"query-input":{"@type":"PropertyValueSpecification","valueRequired":true,"valueName":"search_term_string"}}],"inLanguage":"vi"},{"@type":["Person","Organization"],"@id":"https:\/\/shopnhis.azdigi.shop\/#\/schema\/person\/c92d877cb93cb82d7aadcb9314758e29","name":"qrlgobfk","image":{"@type":"ImageObject","inLanguage":"vi","@id":"https:\/\/shopnhis.azdigi.shop\/#\/schema\/person\/image\/","url":"https:\/\/shopnhis.azdigi.shop\/wp-content\/uploads\/2026\/03\/ChatGPT-Image-16_25_42-26-thg-2-2026.png","contentUrl":"https:\/\/shopnhis.azdigi.shop\/wp-content\/uploads\/2026\/03\/ChatGPT-Image-16_25_42-26-thg-2-2026.png","width":1536,"height":1024,"caption":"qrlgobfk"},"logo":{"@id":"https:\/\/shopnhis.azdigi.shop\/#\/schema\/person\/image\/"},"sameAs":["https:\/\/shopnhis.azdigi.shop"]}]}},"_links":{"self":[{"href":"https:\/\/shopnhis.azdigi.shop\/index.php\/wp-json\/wp\/v2\/product\/501","targetHints":{"allow":["GET"]}}],"collection":[{"href":"https:\/\/shopnhis.azdigi.shop\/index.php\/wp-json\/wp\/v2\/product"}],"about":[{"href":"https:\/\/shopnhis.azdigi.shop\/index.php\/wp-json\/wp\/v2\/types\/product"}],"replies":[{"embeddable":true,"href":"https:\/\/shopnhis.azdigi.shop\/index.php\/wp-json\/wp\/v2\/comments?post=501"}],"wp:featuredmedia":[{"embeddable":true,"href":"https:\/\/shopnhis.azdigi.shop\/index.php\/wp-json\/wp\/v2\/media\/502"}],"wp:attachment":[{"href":"https:\/\/shopnhis.azdigi.shop\/index.php\/wp-json\/wp\/v2\/media?parent=501"}],"wp:term":[{"taxonomy":"product_brand","embeddable":true,"href":"https:\/\/shopnhis.azdigi.shop\/index.php\/wp-json\/wp\/v2\/product_brand?post=501"},{"taxonomy":"product_cat","embeddable":true,"href":"https:\/\/shopnhis.azdigi.shop\/index.php\/wp-json\/wp\/v2\/product_cat?post=501"},{"taxonomy":"product_tag","embeddable":true,"href":"https:\/\/shopnhis.azdigi.shop\/index.php\/wp-json\/wp\/v2\/product_tag?post=501"}],"curies":[{"name":"wp","href":"https:\/\/api.w.org\/{rel}","templated":true}]}}