{"id":514,"date":"2026-04-10T18:54:02","date_gmt":"2026-04-10T18:54:02","guid":{"rendered":"https:\/\/shopnhis.azdigi.shop\/?post_type=product&#038;p=514"},"modified":"2026-04-21T16:04:44","modified_gmt":"2026-04-21T16:04:44","slug":"set-vay-xuan-he-dang-croptop","status":"publish","type":"product","link":"https:\/\/shopnhis.azdigi.shop\/index.php\/product\/set-vay-xuan-he-dang-croptop\/","title":{"rendered":"Set v\u00e1y Xu\u00e2n H\u00e8 d\u00e1ng croptop"},"content":{"rendered":"<h2 data-path-to-node=\"4\">1. Thi\u1ebft k\u1ebf \u00e1o croptop tr\u1ebb trung v\u00e0 t\u00f4n d\u00e1ng<\/h2>\n<p data-path-to-node=\"5\">\u00c1o d\u00e1ng ng\u1eafn l\u00e0 &#8220;v\u0169 kh\u00ed&#8221; b\u00ed m\u1eadt gi\u00fap \u0111\u00f4i ch\u00e2n tr\u00f4ng d\u00e0i h\u01a1n. \u0110\u00e2y l\u00e0 \u0111i\u1ec3m nh\u1ea5n quan tr\u1ecdng nh\u1ea5t c\u1ee7a c\u1ea3 set \u0111\u1ed3 n\u00e0y.<\/p>\n<ul data-path-to-node=\"6\">\n<li>\n<p data-path-to-node=\"6,0,0\"><b data-path-to-node=\"6,0,0\" data-index-in-node=\"0\">C\u1ed5 b\u1ebb thanh l\u1ecbch:<\/b> Ph\u1ea7n c\u1ed5 \u00e1o \u0111\u01b0\u1ee3c thi\u1ebft k\u1ebf theo phom b\u1ebb tinh t\u1ebf. Chi ti\u1ebft n\u00e0y t\u1ea1o c\u1ea3m gi\u00e1c chuy\u00ean nghi\u1ec7p nh\u01b0ng v\u1eabn r\u1ea5t n\u1eef t\u00ednh.<\/p>\n<\/li>\n<li>\n<p data-path-to-node=\"6,1,0\"><b data-path-to-node=\"6,1,0\" data-index-in-node=\"0\">\u0110i\u1ec3m nh\u1ea5n th\u1eaft n\u01a1:<\/b> M\u1ed9t chi\u1ebfc n\u01a1 nh\u1ecf c\u00f9ng m\u00e0u gi\u00fap b\u1ed9 trang ph\u1ee5c th\u00eam ng\u1ecdt ng\u00e0o. N\u00f3 mang l\u1ea1i v\u1ebb ngo\u00e0i ti\u1ec3u th\u01b0 cho ng\u01b0\u1eddi m\u1eb7c.<\/p>\n<\/li>\n<\/ul>\n<h2 data-path-to-node=\"7\">2. Ch\u00e2n v\u00e1y x\u00f2e d\u00e0i th\u01b0\u1edbt tha<\/h2>\n<p data-path-to-node=\"8\">\u0110i k\u00e8m v\u1edbi chi\u1ebfc \u00e1o n\u0103ng \u0111\u1ed9ng l\u00e0 ch\u00e2n v\u00e1y d\u00e0i x\u00f2e t\u1ef1 nhi\u00ean. S\u1ef1 k\u1ebft h\u1ee3p n\u00e0y t\u1ea1o n\u00ean s\u1ef1 c\u00e2n b\u1eb1ng ho\u00e0n h\u1ea3o cho c\u1ea3 outfit.<\/p>\n<ul data-path-to-node=\"9\">\n<li>\n<p data-path-to-node=\"9,0,0\"><b data-path-to-node=\"9,0,0\" data-index-in-node=\"0\">Che khuy\u1ebft \u0111i\u1ec3m hi\u1ec7u qu\u1ea3:<\/b> Phom v\u00e1y x\u00f2e r\u1ed9ng gi\u00fap gi\u1ea5u \u0111i h\u00f4ng v\u00e0 \u0111\u00f9i to. \u0110\u00e2y l\u00e0 l\u1ef1a ch\u1ecdn tuy\u1ec7t v\u1eddi cho nhi\u1ec1u d\u00e1ng ng\u01b0\u1eddi.<\/p>\n<\/li>\n<li>\n<p data-path-to-node=\"9,1,0\"><b data-path-to-node=\"9,1,0\" data-index-in-node=\"0\">Ch\u1ea5t li\u1ec7u tho\u00e1ng m\u00e1t:<\/b> V\u1ea3i m\u00f9a Xu\u00e2n H\u00e8 th\u01b0\u1eddng c\u00f3 \u0111\u1ed9 m\u1ecfng nh\u1eb9. B\u1ea1n s\u1ebd lu\u00f4n c\u1ea3m th\u1ea5y d\u1ec5 ch\u1ecbu khi di chuy\u1ec3n d\u01b0\u1edbi n\u1eafng.<\/p>\n<\/li>\n<li>\n<p data-path-to-node=\"9,2,0\"><b data-path-to-node=\"9,2,0\" data-index-in-node=\"0\">H\u1ecda ti\u1ebft k\u1ebb m\u1ea3nh:<\/b> Nh\u1eefng \u0111\u01b0\u1eddng k\u1ebb s\u1ecdc nh\u1ecf gi\u00fap b\u1ed9 trang ph\u1ee5c tr\u00f4ng b\u1eaft m\u1eaft h\u01a1n. Tuy nhi\u00ean, n\u00f3 v\u1eabn gi\u1eef \u0111\u01b0\u1ee3c s\u1ef1 t\u1ed1i gi\u1ea3n sang tr\u1ecdng.<\/p>\n<\/li>\n<\/ul>\n<h2 data-path-to-node=\"10\">3. M\u00e0u s\u1eafc trung t\u00ednh d\u1ec5 \u1ee9ng d\u1ee5ng<\/h2>\n<p data-path-to-node=\"11\">M\u00e0u s\u1eafc r\u1ea5t ph\u00f9 h\u1ee3p v\u1edbi \u00e1nh n\u1eafng m\u00f9a h\u00e8. C\u00e1c gam m\u00e0u n\u00e0y lu\u00f4n mang l\u1ea1i c\u1ea3m gi\u00e1c m\u00e1t m\u1ebb.<\/p>\n<ul data-path-to-node=\"12\">\n<li>\n<p data-path-to-node=\"12,0,0\"><b data-path-to-node=\"12,0,0\" data-index-in-node=\"0\">T\u00f4n vinh l\u00e0n da:<\/b> Gam m\u00e0u s\u00e1ng gi\u00fap g\u01b0\u01a1ng m\u1eb7t b\u1ea1n b\u1eebng s\u00e1ng v\u00e0 tr\u00e0n \u0111\u1ea7y s\u1ee9c s\u1ed1ng.<\/p>\n<\/li>\n<li>\n<p data-path-to-node=\"12,1,0\"><b data-path-to-node=\"12,1,0\" data-index-in-node=\"0\">D\u1ec5 d\u00e0ng ph\u1ed1i ph\u1ee5 ki\u1ec7n:<\/b> B\u1ea1n h\u00e3y k\u1ebft h\u1ee3p c\u00f9ng m\u1ed9t \u0111\u00f4i gi\u00e0y b\u00fap b\u00ea m\u00e0u kem. M\u1ed9t chi\u1ebfc t\u00fai x\u00e1ch \u0111\u01a1n gi\u1ea3n c\u0169ng \u0111\u1ee7 l\u00e0m n\u1ed5i b\u1eadt kh\u00ed ch\u1ea5t ng\u01b0\u1eddi m\u1eb7c.<\/p>\n<\/li>\n<\/ul>\n<h2 data-path-to-node=\"13\">4. Ph\u00f9 h\u1ee3p cho nhi\u1ec1u ho\u00e0n c\u1ea3nh kh\u00e1c nhau<\/h2>\n<p data-path-to-node=\"14\">Nh\u1edd s\u1ef1 k\u1ebft h\u1ee3p th\u00f4ng minh, b\u1ed9 trang ph\u1ee5c n\u00e0y mang t\u00ednh \u1ee9ng d\u1ee5ng r\u1ea5t cao.<\/p>\n<ul data-path-to-node=\"15\">\n<li>\n<p data-path-to-node=\"15,0,0\"><b data-path-to-node=\"15,0,0\" data-index-in-node=\"0\">D\u1ea1o ph\u1ed1 v\u00e0 cafe:<\/b> B\u1ea1n s\u1ebd c\u00f3 v\u1ebb ngo\u00e0i nh\u1eb9 nh\u00e0ng \u0111\u1ec3 ch\u1ee5p nh\u1eefng b\u1ee9c h\u00ecnh \u0111\u1eb9p.<\/p>\n<\/li>\n<li>\n<p data-path-to-node=\"15,1,0\"><b data-path-to-node=\"15,1,0\" data-index-in-node=\"0\">\u0110i h\u1ecdc hay \u0111i l\u00e0m:<\/b> Thi\u1ebft k\u1ebf v\u1eabn \u0111\u1ee7 k\u00edn \u0111\u00e1o \u0111\u1ec3 di\u1ec7n trong m\u00f4i tr\u01b0\u1eddng chuy\u00ean nghi\u1ec7p.<\/p>\n<\/li>\n<li>\n<p data-path-to-node=\"15,2,0\"><b data-path-to-node=\"15,2,0\" data-index-in-node=\"0\">Du l\u1ecbch ngh\u1ec9 d\u01b0\u1ee1ng:<\/b> Set \u0111\u1ed3 n\u00e0y c\u1ef1c k\u1ef3 \u0103n \u1ea3nh khi check-in t\u1ea1i c\u00e1c \u0111\u1ecba \u0111i\u1ec3m sang tr\u1ecdng.<\/p>\n<\/li>\n<\/ul>\n","protected":false},"excerpt":{"rendered":"<p>Th\u1eddi trang Xu\u00e2n H\u00e8 lu\u00f4n \u01b0u ti\u00ean s\u1ef1 tho\u1ea3i m\u00e1i. <b data-path-to-node=\"3\" data-index-in-node=\"46\">Set v\u00e1y Xu\u00e2n H\u00e8 d\u00e1ng croptop<\/b> ch\u00ednh l\u00e0 l\u1ef1a ch\u1ecdn l\u00fd t\u01b0\u1edfng cho c\u00e1c n\u00e0ng. Thi\u1ebft k\u1ebf n\u00e0y gi\u00fap khoe kh\u00e9o v\u00f2ng eo thon m\u00e0 v\u1eabn gi\u1eef \u0111\u01b0\u1ee3c n\u00e9t thanh l\u1ecbch. V\u1edbi m\u00e0u s\u1eafc nh\u00e3 nh\u1eb7n, b\u1ed9 trang ph\u1ee5c s\u1ebd gi\u00fap b\u1ea1n t\u1ecfa s\u00e1ng m\u1ecdi l\u00fac.<\/p>\n","protected":false},"featured_media":515,"comment_status":"open","ping_status":"closed","template":"","meta":[],"product_brand":[],"product_cat":[19],"product_tag":[],"class_list":{"0":"post-514","1":"product","2":"type-product","3":"status-publish","4":"has-post-thumbnail","6":"product_cat-set-vay","8":"first","9":"instock","10":"shipping-taxable","11":"purchasable","12":"product-type-variable"},"yoast_head":"<!-- This site is optimized with the Yoast SEO plugin v27.1.1 - https:\/\/yoast.com\/product\/yoast-seo-wordpress\/ -->\n<title>Set v\u00e1y Xu\u00e2n H\u00e8 d\u00e1ng croptop - shopnhis<\/title>\n<meta name=\"description\" content=\"Kh\u00e1m ph\u00e1 set v\u00e1y Xu\u00e2n H\u00e8 d\u00e1ng croptop thanh l\u1ecbch v\u00e0 tr\u1ebb trung. B\u00ed quy\u1ebft ch\u1ecdn set \u0111\u1ed3 t\u00f4n d\u00e1ng gi\u00fap qu\u00fd c\u00f4 lu\u00f4n t\u1ef1 tin t\u1ecfa s\u00e1ng trong m\u1ecdi ho\u1ea1t \u0111\u1ed9ng.\" \/>\n<meta name=\"robots\" content=\"index, follow, max-snippet:-1, max-image-preview:large, max-video-preview:-1\" \/>\n<link rel=\"canonical\" href=\"https:\/\/shopnhis.azdigi.shop\/index.php\/product\/set-vay-xuan-he-dang-croptop\/\" \/>\n<meta property=\"og:locale\" content=\"vi_VN\" \/>\n<meta property=\"og:type\" content=\"article\" \/>\n<meta property=\"og:title\" content=\"Set v\u00e1y Xu\u00e2n H\u00e8 d\u00e1ng croptop - shopnhis\" \/>\n<meta property=\"og:description\" content=\"Kh\u00e1m ph\u00e1 set v\u00e1y Xu\u00e2n H\u00e8 d\u00e1ng croptop thanh l\u1ecbch v\u00e0 tr\u1ebb trung. B\u00ed quy\u1ebft ch\u1ecdn set \u0111\u1ed3 t\u00f4n d\u00e1ng gi\u00fap qu\u00fd c\u00f4 lu\u00f4n t\u1ef1 tin t\u1ecfa s\u00e1ng trong m\u1ecdi ho\u1ea1t \u0111\u1ed9ng.\" \/>\n<meta property=\"og:url\" content=\"https:\/\/shopnhis.azdigi.shop\/index.php\/product\/set-vay-xuan-he-dang-croptop\/\" \/>\n<meta property=\"og:site_name\" content=\"shopnhis\" \/>\n<meta property=\"article:modified_time\" content=\"2026-04-21T16:04:44+00:00\" \/>\n<meta property=\"og:image\" content=\"https:\/\/shopnhis.azdigi.shop\/wp-content\/uploads\/2026\/04\/z7713046289722_4912853d19f43a7771d3bfc3c8f8d8be.jpg\" \/>\n\t<meta property=\"og:image:width\" content=\"623\" \/>\n\t<meta property=\"og:image:height\" content=\"916\" \/>\n\t<meta property=\"og:image:type\" content=\"image\/jpeg\" \/>\n<meta name=\"twitter:card\" content=\"summary_large_image\" \/>\n<meta name=\"twitter:label1\" content=\"\u01af\u1edbc t\u00ednh th\u1eddi gian \u0111\u1ecdc\" \/>\n\t<meta name=\"twitter:data1\" content=\"3 ph\u00fat\" \/>\n<script type=\"application\/ld+json\" class=\"yoast-schema-graph\">{\"@context\":\"https:\/\/schema.org\",\"@graph\":[{\"@type\":\"WebPage\",\"@id\":\"https:\/\/shopnhis.azdigi.shop\/index.php\/product\/set-vay-xuan-he-dang-croptop\/\",\"url\":\"https:\/\/shopnhis.azdigi.shop\/index.php\/product\/set-vay-xuan-he-dang-croptop\/\",\"name\":\"Set v\u00e1y Xu\u00e2n H\u00e8 d\u00e1ng croptop - shopnhis\",\"isPartOf\":{\"@id\":\"https:\/\/shopnhis.azdigi.shop\/#website\"},\"primaryImageOfPage\":{\"@id\":\"https:\/\/shopnhis.azdigi.shop\/index.php\/product\/set-vay-xuan-he-dang-croptop\/#primaryimage\"},\"image\":{\"@id\":\"https:\/\/shopnhis.azdigi.shop\/index.php\/product\/set-vay-xuan-he-dang-croptop\/#primaryimage\"},\"thumbnailUrl\":\"https:\/\/shopnhis.azdigi.shop\/wp-content\/uploads\/2026\/04\/z7713046289722_4912853d19f43a7771d3bfc3c8f8d8be.jpg\",\"datePublished\":\"2026-04-10T18:54:02+00:00\",\"dateModified\":\"2026-04-21T16:04:44+00:00\",\"description\":\"Kh\u00e1m ph\u00e1 set v\u00e1y Xu\u00e2n H\u00e8 d\u00e1ng croptop thanh l\u1ecbch v\u00e0 tr\u1ebb trung. B\u00ed quy\u1ebft ch\u1ecdn set \u0111\u1ed3 t\u00f4n d\u00e1ng gi\u00fap qu\u00fd c\u00f4 lu\u00f4n t\u1ef1 tin t\u1ecfa s\u00e1ng trong m\u1ecdi ho\u1ea1t \u0111\u1ed9ng.\",\"breadcrumb\":{\"@id\":\"https:\/\/shopnhis.azdigi.shop\/index.php\/product\/set-vay-xuan-he-dang-croptop\/#breadcrumb\"},\"inLanguage\":\"vi\",\"potentialAction\":[{\"@type\":\"ReadAction\",\"target\":[\"https:\/\/shopnhis.azdigi.shop\/index.php\/product\/set-vay-xuan-he-dang-croptop\/\"]}]},{\"@type\":\"ImageObject\",\"inLanguage\":\"vi\",\"@id\":\"https:\/\/shopnhis.azdigi.shop\/index.php\/product\/set-vay-xuan-he-dang-croptop\/#primaryimage\",\"url\":\"https:\/\/shopnhis.azdigi.shop\/wp-content\/uploads\/2026\/04\/z7713046289722_4912853d19f43a7771d3bfc3c8f8d8be.jpg\",\"contentUrl\":\"https:\/\/shopnhis.azdigi.shop\/wp-content\/uploads\/2026\/04\/z7713046289722_4912853d19f43a7771d3bfc3c8f8d8be.jpg\",\"width\":623,\"height\":916},{\"@type\":\"BreadcrumbList\",\"@id\":\"https:\/\/shopnhis.azdigi.shop\/index.php\/product\/set-vay-xuan-he-dang-croptop\/#breadcrumb\",\"itemListElement\":[{\"@type\":\"ListItem\",\"position\":1,\"name\":\"Home\",\"item\":\"https:\/\/shopnhis.azdigi.shop\/\"},{\"@type\":\"ListItem\",\"position\":2,\"name\":\"Shop\",\"item\":\"https:\/\/shopnhis.azdigi.shop\/index.php\/shop\/\"},{\"@type\":\"ListItem\",\"position\":3,\"name\":\"Set v\u00e1y Xu\u00e2n H\u00e8 d\u00e1ng croptop\"}]},{\"@type\":\"WebSite\",\"@id\":\"https:\/\/shopnhis.azdigi.shop\/#website\",\"url\":\"https:\/\/shopnhis.azdigi.shop\/\",\"name\":\"shopnhis\",\"description\":\"\",\"publisher\":{\"@id\":\"https:\/\/shopnhis.azdigi.shop\/#\/schema\/person\/c92d877cb93cb82d7aadcb9314758e29\"},\"potentialAction\":[{\"@type\":\"SearchAction\",\"target\":{\"@type\":\"EntryPoint\",\"urlTemplate\":\"https:\/\/shopnhis.azdigi.shop\/?s={search_term_string}\"},\"query-input\":{\"@type\":\"PropertyValueSpecification\",\"valueRequired\":true,\"valueName\":\"search_term_string\"}}],\"inLanguage\":\"vi\"},{\"@type\":[\"Person\",\"Organization\"],\"@id\":\"https:\/\/shopnhis.azdigi.shop\/#\/schema\/person\/c92d877cb93cb82d7aadcb9314758e29\",\"name\":\"qrlgobfk\",\"image\":{\"@type\":\"ImageObject\",\"inLanguage\":\"vi\",\"@id\":\"https:\/\/shopnhis.azdigi.shop\/#\/schema\/person\/image\/\",\"url\":\"https:\/\/shopnhis.azdigi.shop\/wp-content\/uploads\/2026\/03\/ChatGPT-Image-16_25_42-26-thg-2-2026.png\",\"contentUrl\":\"https:\/\/shopnhis.azdigi.shop\/wp-content\/uploads\/2026\/03\/ChatGPT-Image-16_25_42-26-thg-2-2026.png\",\"width\":1536,\"height\":1024,\"caption\":\"qrlgobfk\"},\"logo\":{\"@id\":\"https:\/\/shopnhis.azdigi.shop\/#\/schema\/person\/image\/\"},\"sameAs\":[\"https:\/\/shopnhis.azdigi.shop\"]}]}<\/script>\n<!-- \/ Yoast SEO plugin. -->","yoast_head_json":{"title":"Set v\u00e1y Xu\u00e2n H\u00e8 d\u00e1ng croptop - shopnhis","description":"Kh\u00e1m ph\u00e1 set v\u00e1y Xu\u00e2n H\u00e8 d\u00e1ng croptop thanh l\u1ecbch v\u00e0 tr\u1ebb trung. B\u00ed quy\u1ebft ch\u1ecdn set \u0111\u1ed3 t\u00f4n d\u00e1ng gi\u00fap qu\u00fd c\u00f4 lu\u00f4n t\u1ef1 tin t\u1ecfa s\u00e1ng trong m\u1ecdi ho\u1ea1t \u0111\u1ed9ng.","robots":{"index":"index","follow":"follow","max-snippet":"max-snippet:-1","max-image-preview":"max-image-preview:large","max-video-preview":"max-video-preview:-1"},"canonical":"https:\/\/shopnhis.azdigi.shop\/index.php\/product\/set-vay-xuan-he-dang-croptop\/","og_locale":"vi_VN","og_type":"article","og_title":"Set v\u00e1y Xu\u00e2n H\u00e8 d\u00e1ng croptop - shopnhis","og_description":"Kh\u00e1m ph\u00e1 set v\u00e1y Xu\u00e2n H\u00e8 d\u00e1ng croptop thanh l\u1ecbch v\u00e0 tr\u1ebb trung. B\u00ed quy\u1ebft ch\u1ecdn set \u0111\u1ed3 t\u00f4n d\u00e1ng gi\u00fap qu\u00fd c\u00f4 lu\u00f4n t\u1ef1 tin t\u1ecfa s\u00e1ng trong m\u1ecdi ho\u1ea1t \u0111\u1ed9ng.","og_url":"https:\/\/shopnhis.azdigi.shop\/index.php\/product\/set-vay-xuan-he-dang-croptop\/","og_site_name":"shopnhis","article_modified_time":"2026-04-21T16:04:44+00:00","og_image":[{"width":623,"height":916,"url":"https:\/\/shopnhis.azdigi.shop\/wp-content\/uploads\/2026\/04\/z7713046289722_4912853d19f43a7771d3bfc3c8f8d8be.jpg","type":"image\/jpeg"}],"twitter_card":"summary_large_image","twitter_misc":{"\u01af\u1edbc t\u00ednh th\u1eddi gian \u0111\u1ecdc":"3 ph\u00fat"},"schema":{"@context":"https:\/\/schema.org","@graph":[{"@type":"WebPage","@id":"https:\/\/shopnhis.azdigi.shop\/index.php\/product\/set-vay-xuan-he-dang-croptop\/","url":"https:\/\/shopnhis.azdigi.shop\/index.php\/product\/set-vay-xuan-he-dang-croptop\/","name":"Set v\u00e1y Xu\u00e2n H\u00e8 d\u00e1ng croptop - shopnhis","isPartOf":{"@id":"https:\/\/shopnhis.azdigi.shop\/#website"},"primaryImageOfPage":{"@id":"https:\/\/shopnhis.azdigi.shop\/index.php\/product\/set-vay-xuan-he-dang-croptop\/#primaryimage"},"image":{"@id":"https:\/\/shopnhis.azdigi.shop\/index.php\/product\/set-vay-xuan-he-dang-croptop\/#primaryimage"},"thumbnailUrl":"https:\/\/shopnhis.azdigi.shop\/wp-content\/uploads\/2026\/04\/z7713046289722_4912853d19f43a7771d3bfc3c8f8d8be.jpg","datePublished":"2026-04-10T18:54:02+00:00","dateModified":"2026-04-21T16:04:44+00:00","description":"Kh\u00e1m ph\u00e1 set v\u00e1y Xu\u00e2n H\u00e8 d\u00e1ng croptop thanh l\u1ecbch v\u00e0 tr\u1ebb trung. B\u00ed quy\u1ebft ch\u1ecdn set \u0111\u1ed3 t\u00f4n d\u00e1ng gi\u00fap qu\u00fd c\u00f4 lu\u00f4n t\u1ef1 tin t\u1ecfa s\u00e1ng trong m\u1ecdi ho\u1ea1t \u0111\u1ed9ng.","breadcrumb":{"@id":"https:\/\/shopnhis.azdigi.shop\/index.php\/product\/set-vay-xuan-he-dang-croptop\/#breadcrumb"},"inLanguage":"vi","potentialAction":[{"@type":"ReadAction","target":["https:\/\/shopnhis.azdigi.shop\/index.php\/product\/set-vay-xuan-he-dang-croptop\/"]}]},{"@type":"ImageObject","inLanguage":"vi","@id":"https:\/\/shopnhis.azdigi.shop\/index.php\/product\/set-vay-xuan-he-dang-croptop\/#primaryimage","url":"https:\/\/shopnhis.azdigi.shop\/wp-content\/uploads\/2026\/04\/z7713046289722_4912853d19f43a7771d3bfc3c8f8d8be.jpg","contentUrl":"https:\/\/shopnhis.azdigi.shop\/wp-content\/uploads\/2026\/04\/z7713046289722_4912853d19f43a7771d3bfc3c8f8d8be.jpg","width":623,"height":916},{"@type":"BreadcrumbList","@id":"https:\/\/shopnhis.azdigi.shop\/index.php\/product\/set-vay-xuan-he-dang-croptop\/#breadcrumb","itemListElement":[{"@type":"ListItem","position":1,"name":"Home","item":"https:\/\/shopnhis.azdigi.shop\/"},{"@type":"ListItem","position":2,"name":"Shop","item":"https:\/\/shopnhis.azdigi.shop\/index.php\/shop\/"},{"@type":"ListItem","position":3,"name":"Set v\u00e1y Xu\u00e2n H\u00e8 d\u00e1ng croptop"}]},{"@type":"WebSite","@id":"https:\/\/shopnhis.azdigi.shop\/#website","url":"https:\/\/shopnhis.azdigi.shop\/","name":"shopnhis","description":"","publisher":{"@id":"https:\/\/shopnhis.azdigi.shop\/#\/schema\/person\/c92d877cb93cb82d7aadcb9314758e29"},"potentialAction":[{"@type":"SearchAction","target":{"@type":"EntryPoint","urlTemplate":"https:\/\/shopnhis.azdigi.shop\/?s={search_term_string}"},"query-input":{"@type":"PropertyValueSpecification","valueRequired":true,"valueName":"search_term_string"}}],"inLanguage":"vi"},{"@type":["Person","Organization"],"@id":"https:\/\/shopnhis.azdigi.shop\/#\/schema\/person\/c92d877cb93cb82d7aadcb9314758e29","name":"qrlgobfk","image":{"@type":"ImageObject","inLanguage":"vi","@id":"https:\/\/shopnhis.azdigi.shop\/#\/schema\/person\/image\/","url":"https:\/\/shopnhis.azdigi.shop\/wp-content\/uploads\/2026\/03\/ChatGPT-Image-16_25_42-26-thg-2-2026.png","contentUrl":"https:\/\/shopnhis.azdigi.shop\/wp-content\/uploads\/2026\/03\/ChatGPT-Image-16_25_42-26-thg-2-2026.png","width":1536,"height":1024,"caption":"qrlgobfk"},"logo":{"@id":"https:\/\/shopnhis.azdigi.shop\/#\/schema\/person\/image\/"},"sameAs":["https:\/\/shopnhis.azdigi.shop"]}]}},"_links":{"self":[{"href":"https:\/\/shopnhis.azdigi.shop\/index.php\/wp-json\/wp\/v2\/product\/514","targetHints":{"allow":["GET"]}}],"collection":[{"href":"https:\/\/shopnhis.azdigi.shop\/index.php\/wp-json\/wp\/v2\/product"}],"about":[{"href":"https:\/\/shopnhis.azdigi.shop\/index.php\/wp-json\/wp\/v2\/types\/product"}],"replies":[{"embeddable":true,"href":"https:\/\/shopnhis.azdigi.shop\/index.php\/wp-json\/wp\/v2\/comments?post=514"}],"wp:featuredmedia":[{"embeddable":true,"href":"https:\/\/shopnhis.azdigi.shop\/index.php\/wp-json\/wp\/v2\/media\/515"}],"wp:attachment":[{"href":"https:\/\/shopnhis.azdigi.shop\/index.php\/wp-json\/wp\/v2\/media?parent=514"}],"wp:term":[{"taxonomy":"product_brand","embeddable":true,"href":"https:\/\/shopnhis.azdigi.shop\/index.php\/wp-json\/wp\/v2\/product_brand?post=514"},{"taxonomy":"product_cat","embeddable":true,"href":"https:\/\/shopnhis.azdigi.shop\/index.php\/wp-json\/wp\/v2\/product_cat?post=514"},{"taxonomy":"product_tag","embeddable":true,"href":"https:\/\/shopnhis.azdigi.shop\/index.php\/wp-json\/wp\/v2\/product_tag?post=514"}],"curies":[{"name":"wp","href":"https:\/\/api.w.org\/{rel}","templated":true}]}}